he first derivative of q**3/3 - 5*q**2/2 + 3*q - 1. Let d be l(7). Suppose 4*v - d - 27 = 0. What is the tens digit of v?
1
Let k be (-8)/(-6)*5*3. Let w = -16 + k. What is the units digit of w?
4
Let s be ((-2)/(-4))/((-2)/28). Suppose -22 = 4*r + 2*p, -5*r + 8*r - p = -4. What is the units digit of r*s/3*1?
7
Let g be 0 + (-18)/(-4)*2. Let c = g - 4. Let k(q) = 3*q + 3. What is the units digit of k(c)?
8
Suppose -4*a + 97 = 3*h, -2*h + 2*a + 88 = -0*h. Let b = h + -63. What is the units digit of 6/(-4)*b/6?
6
Suppose 0 = -3*z - 6*z + 747. What is the tens digit of z?
8
What is the tens digit of (4 - 3)*298 - 2?
9
What is the units digit of 1 + (1 + -4 - -29)?
7
Let h(g) = g**3 + 5*g**2 - 6*g + 2. Suppose -4*d - 248 = -0*d. Let y be d/10 - (-1)/5. What is the units digit of h(y)?
2
Let z(w) = -w**3 + 2*w**2 + 2*w - 3. Let r be z(2). Let o be -4 + 7 - (r + -3). Suppose o*h - 1 = 4. What is the units digit of h?
1
Suppose 0 = q - k, 2*q + 3*k = -k + 24. Let j = 1 + -1. Suppose j = -v - 0*v - q, 4*p = 5*v + 24. What is the units digit of p?
1
Suppose 5 + 7 = 4*s. Suppose -b - 4*b - g = -12, s*b - 4*g = -2. Suppose 10 = -0*t + b*t. What is the units digit of t?
5
Let y(x) = x**3 + 9*x**2 + 3*x - 1. What is the units digit of y(-8)?
9
Let c = 270 + -108. What is the tens digit of (1/(-2))/((-3)/c)?
2
Let c = 5 + 3. Suppose c = i + 3*i. What is the units digit of i?
2
Let h = 25 + -17. What is the units digit of h?
8
Suppose -2*x + 0*x = 4*n - 4, 4*n + 4*x + 4 = 0. Let v(m) = 3*m + 6*m**2 + 5 - 5 + m**n. What is the tens digit of v(-5)?
1
Suppose 5*u - 73 = -13. Let b(r) = -r**3 + 11*r**2 + 16*r - 18. What is the tens digit of b(u)?
3
Suppose a - 10 = -a. Suppose -12 = 2*c + 4*m, a*c - 2*m = -3*m + 6. What is the units digit of c?
2
Suppose -5*l + 3*l + 68 = 0. What is the units digit of l?
4
Let a = 627 + -434. What is the units digit of a?
3
Suppose 4*f - 22 = 2*f + l, -5*f = 2*l - 55. Suppose -6*y = -f*y. Suppose y = v + 4*v - 45. What is the units digit of v?
9
Let l be (-1)/(-2) - (-3)/(-6). Suppose l = -5*v + 11 + 29. What is the units digit of v?
8
Let m(g) = 33*g**2 + 2*g + 1. Let o be m(-1). Let d = -16 + o. What is the tens digit of d?
1
Let t = -34 - -44. What is the units digit of t?
0
Suppose 0 = 4*p - 7 - 1. Suppose -w + 15 + 15 = -2*d, -p*d = 10. What is the units digit of w?
0
Suppose -3*s = -2*x + 365, -s = -4*s - 15. What is the units digit of x?
5
What is the units digit of 17/(4*(-4)/(-16))?
7
Let t = -16 + 86. What is the tens digit of t?
7
Let o = -42 + 82. Suppose -f + o = 4*f. What is the units digit of f - ((1 - 2) + 1)?
8
What is the hundreds digit of 612/(4/1) - (-1 - -1)?
1
Suppose -258 = -4*i - 98. What is the tens digit of i?
4
Let z = -9 + 11. Let h be 6 - 3/6*z. Suppose -h*r - o + 30 = 0, -4*r - 2*o + 24 = -o. What is the units digit of r?
6
Suppose 0 = -3*c - 3*f - 15, 3*c - 8 = 4*c + 2*f. What is the units digit of c/6 - (-4)/3?
1
Suppose 0 = -t + 2*t - 2. Suppose v = 4*g + 14, -2*v - t*g = -v - 8. Suppose -o + 0*o = -v. What is the tens digit of o?
1
Let i(v) = -v**2 - 9*v - 9. Let t be i(-6). Suppose -125 = 4*y - t*y. What is the units digit of y?
5
Let x(s) = -s**3 + 8*s**2 - 6*s + 5. Let c(w) = 2*w**3 - 9*w**2 + 5*w - 5. Let v(f) = 2*c(f) + 3*x(f). What is the tens digit of v(-7)?
1
Let h = -5 - -12. What is the tens digit of (-2)/h + (-144)/(-14)?
1
Suppose 4*y - 4*d - 240 = 0, -4*y - d - d + 216 = 0. What is the tens digit of y?
5
Let h = 0 - -44. What is the units digit of h?
4
Suppose -r + 18 = -4*c, 0*c = c - 5. What is the units digit of r?
8
Suppose 4*k - 955 = 6*q - q, -5*q - 1195 = -5*k. What is the hundreds digit of k?
2
Suppose 380 = -5*s - 0. Let z = 146 + s. What is the tens digit of z/4 + 2/(-4)?
1
Let s = 18 - 27. Let t = s + 14. What is the units digit of t?
5
Let j be (-7)/(-1 + 3/6). Suppose 5*w = -2*g + j + 40, -4*g + 2*w + 84 = 0. What is the units digit of g?
2
Let h = -9 - -6. Let m(k) = -k**2 - 5*k - 3. What is the units digit of m(h)?
3
Let n(t) = t**2 - 9*t + 1. Let g be n(7). Let j be -9 - ((-3)/3 + 1). Let f = j - g. What is the units digit of f?
4
Let y(h) = h - 1. Let n be y(6). Let o(j) = -j + 9. Let g be o(n). Suppose z + 0*t + 12 = -5*t, -5*z + 24 = g*t. What is the units digit of z?
8
Suppose -5*c + r + 397 = -1003, -4*c + 5*r + 1099 = 0. What is the hundreds digit of c?
2
Suppose 2 = -2*c - 2*i, 0 = 2*c + 3*c + 4*i + 7. What is the units digit of 0 + 4 + c + 3?
4
Suppose 0 = 2*q - 2, -u + 2*u = -4*q - 9. Let t = -8 - u. What is the units digit of t?
5
Let o be (22/5)/(6/30). Suppose -z - 9 + o = 0. What is the units digit of z?
3
Let c(u) be the third derivative of -2*u**3 + 0 - 3*u**2 - 1/8*u**4 + 0*u. What is the tens digit of c(-8)?
1
Let u(i) = i**3 - 2*i**2 - 3*i - 3. Suppose 0 = -5*r + 24 - 9, -w + 3*r = 5. What is the tens digit of u(w)?
1
Let y(g) = 5*g + 7. Let q(f) = -11*f - 13. Let k(u) = 6*q(u) + 11*y(u). What is the tens digit of k(-1)?
1
Suppose 0 = 4*t - 2*c - 4, t = 2*c + 2*c + 8. Suppose 4*x - 2*x - 8 = t. Suppose i - 2*k - 2 + x = 0, -8 = -2*i + k. What is the units digit of i?
6
Suppose 4*b = -n + 86, -5*b + 115 = -0*n + 5*n. What is the tens digit of b?
2
Let u = 239 - 148. What is the units digit of u?
1
Let c be -1 + 0 + -1 + 13. Let a = -13 + 18. Let y = c - a. What is the units digit of y?
6
Suppose -s - s = -26. What is the tens digit of s?
1
Let d be (15/(-2))/((-7)/42). Suppose d = -2*f - f. Let n = 24 + f. What is the units digit of n?
9
Let z(b) be the first derivative of -b**4/4 + 13*b**3/3 + 8*b**2 + 14*b - 1. What is the tens digit of z(14)?
4
Let a(v) be the first derivative of 7*v**2 - 6*v - 1. Let o be a(4). Suppose -3*b + 65 = -5*s, -5*b - s + 21 = -o. What is the units digit of b?
5
Suppose 0*c + 10 = -2*c, 4*c = 4*d - 40. Suppose m = d*m. Let g = 2 - m. What is the units digit of g?
2
Suppose -4*v + 0*l - 5*l + 169 = 0, -5*v - 4*l + 209 = 0. What is the tens digit of v?
4
Let k be 20*6*(-3)/(-30). Suppose k = 4*w - w. What is the units digit of w?
4
Suppose -2*f = -2*q + 34, q = -3*f - 7 - 24. What is the units digit of 2/6 - 8/f?
1
Let q = 1 + -1. Suppose -4*x = -6*x. Suppose x = -q*b - 3*b + 9. What is the units digit of b?
3
Suppose -2*l + 4*o + 0 = -30, -3*o = 2*l - 2. Let y(j) be the second derivative of j**3/2 - j**2 - 10*j. What is the tens digit of y(l)?
1
Suppose 6 = -2*b - 5*k - 1, -3*b - 3*k = -3. Suppose 0*f - 2*f = -12. What is the units digit of (0 - -3)*b/f?
2
Let b = -128 + 224. What is the units digit of b?
6
What is the hundreds digit of -1*2*(-53 + 0)?
1
Let r be (-1)/(1/(-2)) - 2. Suppose -4*z + 15 + 1 = r. Suppose 0 = j + z*j - 40. What is the units digit of j?
8
Let o be 24/(-15)*(-5)/(-1). Let x = 42 - o. What is the units digit of x?
0
Suppose -4*w = -0*w - 440. What is the units digit of w?
0
Let f(w) = -w**2 + 11*w - 5. What is the units digit of f(6)?
5
Let m = 7 + 25. What is the tens digit of m?
3
Let f be (-2)/2 + 1/(-1). Let o be 1/f + (-2)/(-4). Let m = o + 10. What is the tens digit of m?
1
Suppose -4*i = 4*t - 12, -3*i + 2*i - 2 = 0. Suppose -15 = -t*w + 2*g, -8*w = -4*w - g - 15. What is the units digit of w?
5
Suppose 4*k - 74 = 2*n - 3*n, -4*k - 206 = -3*n. Suppose 4*p = 106 + n. What is the units digit of p?
4
Let t = 3 - 13. Let r = 4 - t. What is the tens digit of r?
1
Let r(n) = 8*n**2 + 3*n + 3. What is the tens digit of r(4)?
4
Let f(z) be the third derivative of -z**5/40 - z**4/12 - z**3/3 - 2*z**2. Let g(k) be the first derivative of f(k). What is the units digit of g(-2)?
4
Suppose -8 = 4*k - 8*k. Suppose 1 = -k*z + v + 2, -5*v + 9 = -3*z. What is the units digit of z?
2
Suppose -5*i + 3*r = 24, 0 = 3*i + i + 3*r + 3. Let u be i/4 - 11/(-4). What is the units digit of 210/27 + u/9?
8
Let b(t) = 0*t + t + 1 - 4*t. What is the units digit of b(-1)?
4
Let n(l) = -l**2 - 6*l + 4. Let f be n(-6). Suppose 2*p = -f*d + 48, -4 = -p + 4*d - 10. What is the units digit of 4/p - (-160)/28?
6
Suppose 6*b - 3*b - 12 = -3*q, -q = -2*b - 7. Let i(f) = 9*f**2 + 4 - q + 0*f**2. What is the units digit of i(1)?
8
Let v(l) = -l**2 + l + 4. Let f be v(0). Let j be (f - 0)*1/(-2). What is the units digit of 5 + j + 13 + -1?
5
Suppose -z + 2*z + 2*h + 4 = 0, -h - 5 = -z. Suppose 0*m = -z*m + 34. What is the unit